{"id":6025,"date":"2023-03-13T16:20:34","date_gmt":"2023-03-13T16:20:34","guid":{"rendered":"https:\/\/estudioelgozo.com\/?post_type=portfolio_item&#038;p=6025"},"modified":"2024-03-03T20:40:10","modified_gmt":"2024-03-03T20:40:10","slug":"wien-ernahrung-zukunft","status":"publish","type":"portfolio_item","link":"https:\/\/estudioelgozo.com\/?portfolio_item=wien-ernahrung-zukunft","title":{"rendered":"Wien. Ern\u00e4hrung: Zukunft!"},"content":{"rendered":"\n<p>Die Herausforderungen rund um Nahrungsmittelproduktion und Ern\u00e4hrungssicherheit im urbanen Raum erlangen zunehmend Pr\u00e4senz. Schlie\u00dflich steht die Produktion von Lebensmitteln in direktem Zusammenhang mit den Ursachen und Folgen des Klimawandels. Gefragt sind daher neue Formen der Nahrungsmittelproduktion, des -konsums und des -transports. Liegt die Zukunft der Ern\u00e4hrungssicherheit m\u00f6glicherweise in Vertical Farming, Schnecken und FoodCoops? &#8220;Die Zukunft der Lebensmittelproduktion in Wien&#8221; beleuchtet diese und weitere innovative L\u00f6sungsans\u00e4tze in der \u00f6sterreichischen Metropole.<\/p>\n\n\n\n<p>okto.tv<\/p>\n\n\n\n<figure class=\"wp-block-embed is-type-video is-provider-vimeo wp-block-embed-vimeo wp-embed-aspect-16-9 wp-has-aspect-ratio\"><div class=\"wp-block-embed__wrapper\">\n<iframe title=\"Wien. Ern\u00e4hrung: Zukunft! von Pilzen, Insekten und Schnecken\" src=\"https:\/\/player.vimeo.com\/video\/808052231?dnt=1&amp;app_id=122963\" width=\"930\" height=\"523\" frameborder=\"0\" allow=\"autoplay; fullscreen; picture-in-picture\"><\/iframe>\n<\/div><\/figure>\n\n\n\n<figure class=\"wp-block-embed is-type-video is-provider-vimeo wp-block-embed-vimeo wp-embed-aspect-16-9 wp-has-aspect-ratio\"><div class=\"wp-block-embed__wrapper\">\n<iframe title=\"Wien. Ern\u00e4hrung: Zukunft! urbane Landwirtschaft\" src=\"https:\/\/player.vimeo.com\/video\/540337374?dnt=1&amp;app_id=122963\" width=\"930\" height=\"523\" frameborder=\"0\" allow=\"autoplay; fullscreen; picture-in-picture\"><\/iframe>\n<\/div><\/figure>\n\n\n\n<figure class=\"wp-block-embed is-type-video is-provider-vimeo wp-block-embed-vimeo wp-embed-aspect-16-9 wp-has-aspect-ratio\"><div class=\"wp-block-embed__wrapper\">\n<iframe title=\"Wien. Ern\u00e4hrung: Zukunft! Bewusstes Konsumieren\" src=\"https:\/\/player.vimeo.com\/video\/537425122?dnt=1&amp;app_id=122963\" width=\"930\" height=\"523\" frameborder=\"0\" allow=\"autoplay; fullscreen; picture-in-picture\"><\/iframe>\n<\/div><\/figure>\n\n\n\n<figure class=\"wp-block-embed is-type-video is-provider-vimeo wp-block-embed-vimeo wp-embed-aspect-16-9 wp-has-aspect-ratio\"><div class=\"wp-block-embed__wrapper\">\n<iframe title=\"Wien. Ern\u00e4hrung: Zukunft! - Wohnbau und Gem\u00fcse\" src=\"https:\/\/player.vimeo.com\/video\/477573725?dnt=1&amp;app_id=122963\" width=\"930\" height=\"523\" frameborder=\"0\" allow=\"autoplay; fullscreen; picture-in-picture\"><\/iframe>\n<\/div><\/figure>\n\n\n\n<figure class=\"wp-block-embed is-type-video is-provider-vimeo wp-block-embed-vimeo wp-embed-aspect-16-9 wp-has-aspect-ratio\"><div class=\"wp-block-embed__wrapper\">\n<iframe title=\"Wien. Ern\u00e4hrung: Zukunft! Demokratie im Garten\" src=\"https:\/\/player.vimeo.com\/video\/540324848?dnt=1&amp;app_id=122963\" width=\"930\" height=\"523\" frameborder=\"0\" allow=\"autoplay; fullscreen; picture-in-picture\"><\/iframe>\n<\/div><\/figure>\n\n\n\n<figure class=\"wp-block-embed is-type-video is-provider-vimeo wp-block-embed-vimeo wp-embed-aspect-16-9 wp-has-aspect-ratio\"><div class=\"wp-block-embed__wrapper\">\n<iframe title=\"Wien. Ern\u00e4hrung: Zukunft! Teil 4 - Wissen f\u00fcr die Zukunft\" src=\"https:\/\/player.vimeo.com\/video\/901282431?dnt=1&amp;app_id=122963\" width=\"930\" height=\"523\" frameborder=\"0\" allow=\"autoplay; fullscreen; picture-in-picture\"><\/iframe>\n<\/div><\/figure>\n","protected":false},"excerpt":{"rendered":"<p>Die Herausforderungen rund um Nahrungsmittelproduktion und Ern\u00e4hrungssicherheit im urbanen Raum erlangen zunehmend Pr\u00e4senz. Schlie\u00dflich steht die Produktion von Lebensmitteln in direktem Zusammenhang mit den Ursachen und Folgen des Klimawandels. Gefragt sind daher neue Formen der Nahrungsmittelproduktion, des -konsums und des -transports. Liegt die Zukunft der Ern\u00e4hrungssicherheit m\u00f6glicherweise in Vertical Farming, [&hellip;]<\/p>\n","protected":false},"author":1,"featured_media":6029,"comment_status":"open","ping_status":"closed","template":"","meta":[],"portfolio":[58],"class_list":["post-6025","portfolio_item","type-portfolio_item","status-publish","has-post-thumbnail","hentry","portfolio-tv-shows"],"_links":{"self":[{"href":"https:\/\/estudioelgozo.com\/index.php?rest_route=\/wp\/v2\/portfolio_item\/6025","targetHints":{"allow":["GET"]}}],"collection":[{"href":"https:\/\/estudioelgozo.com\/index.php?rest_route=\/wp\/v2\/portfolio_item"}],"about":[{"href":"https:\/\/estudioelgozo.com\/index.php?rest_route=\/wp\/v2\/types\/portfolio_item"}],"author":[{"embeddable":true,"href":"https:\/\/estudioelgozo.com\/index.php?rest_route=\/wp\/v2\/users\/1"}],"replies":[{"embeddable":true,"href":"https:\/\/estudioelgozo.com\/index.php?rest_route=%2Fwp%2Fv2%2Fcomments&post=6025"}],"version-history":[{"count":2,"href":"https:\/\/estudioelgozo.com\/index.php?rest_route=\/wp\/v2\/portfolio_item\/6025\/revisions"}],"predecessor-version":[{"id":6160,"href":"https:\/\/estudioelgozo.com\/index.php?rest_route=\/wp\/v2\/portfolio_item\/6025\/revisions\/6160"}],"wp:featuredmedia":[{"embeddable":true,"href":"https:\/\/estudioelgozo.com\/index.php?rest_route=\/wp\/v2\/media\/6029"}],"wp:attachment":[{"href":"https:\/\/estudioelgozo.com\/index.php?rest_route=%2Fwp%2Fv2%2Fmedia&parent=6025"}],"wp:term":[{"taxonomy":"portfolio","embeddable":true,"href":"https:\/\/estudioelgozo.com\/index.php?rest_route=%2Fwp%2Fv2%2Fportfolio&post=6025"}],"curies":[{"name":"wp","href":"https:\/\/api.w.org\/{rel}","templated":true}]}}

Wien. Ernährung: Zukunft!

<p>Die Herausforderungen rund um Nahrungsmittelproduktion und Ernährungssicherheit im urbanen Raum erlangen zunehmend Präsenz. Schließlich steht die Produktion von Lebensmitteln in direktem Zusammenhang mit den Ursachen und Folgen des Klimawandels. Gefragt sind daher neue Formen der Nahrungsmittelproduktion, des -konsums und des -transports. Liegt die Zukunft der Ernährungssicherheit möglicherweise in Vertical Farming, Schnecken und FoodCoops? &#8220;Die Zukunft der Lebensmittelproduktion in Wien&#8221; beleuchtet diese und weitere innovative Lösungsansätze in der österreichischen Metropole.</p>



<p>okto.tv</p>



<figure class="wp-block-embed is-type-video is-provider-vimeo wp-block-embed-vimeo wp-embed-aspect-16-9 wp-has-aspect-ratio"><div class="wp-block-embed__wrapper">
<iframe title="Wien. Ernährung: Zukunft! von Pilzen, Insekten und Schnecken" src="https://player.vimeo.com/video/808052231?dnt=1&amp;app_id=122963" width="930" height="523" frameborder="0" allow="autoplay; fullscreen; picture-in-picture"></iframe>
</div></figure>



<figure class="wp-block-embed is-type-video is-provider-vimeo wp-block-embed-vimeo wp-embed-aspect-16-9 wp-has-aspect-ratio"><div class="wp-block-embed__wrapper">
<iframe title="Wien. Ernährung: Zukunft! urbane Landwirtschaft" src="https://player.vimeo.com/video/540337374?dnt=1&amp;app_id=122963" width="930" height="523" frameborder="0" allow="autoplay; fullscreen; picture-in-picture"></iframe>
</div></figure>



<figure class="wp-block-embed is-type-video is-provider-vimeo wp-block-embed-vimeo wp-embed-aspect-16-9 wp-has-aspect-ratio"><div class="wp-block-embed__wrapper">
<iframe title="Wien. Ernährung: Zukunft! Bewusstes Konsumieren" src="https://player.vimeo.com/video/537425122?dnt=1&amp;app_id=122963" width="930" height="523" frameborder="0" allow="autoplay; fullscreen; picture-in-picture"></iframe>
</div></figure>



<figure class="wp-block-embed is-type-video is-provider-vimeo wp-block-embed-vimeo wp-embed-aspect-16-9 wp-has-aspect-ratio"><div class="wp-block-embed__wrapper">
<iframe title="Wien. Ernährung: Zukunft! - Wohnbau und Gemüse" src="https://player.vimeo.com/video/477573725?dnt=1&amp;app_id=122963" width="930" height="523" frameborder="0" allow="autoplay; fullscreen; picture-in-picture"></iframe>
</div></figure>



<figure class="wp-block-embed is-type-video is-provider-vimeo wp-block-embed-vimeo wp-embed-aspect-16-9 wp-has-aspect-ratio"><div class="wp-block-embed__wrapper">
<iframe title="Wien. Ernährung: Zukunft! Demokratie im Garten" src="https://player.vimeo.com/video/540324848?dnt=1&amp;app_id=122963" width="930" height="523" frameborder="0" allow="autoplay; fullscreen; picture-in-picture"></iframe>
</div></figure>



<figure class="wp-block-embed is-type-video is-provider-vimeo wp-block-embed-vimeo wp-embed-aspect-16-9 wp-has-aspect-ratio"><div class="wp-block-embed__wrapper">
<iframe title="Wien. Ernährung: Zukunft! Teil 4 - Wissen für die Zukunft" src="https://player.vimeo.com/video/901282431?dnt=1&amp;app_id=122963" width="930" height="523" frameborder="0" allow="autoplay; fullscreen; picture-in-picture"></iframe>
</div></figure>

<p>Die Herausforderungen rund um Nahrungsmittelproduktion und Ernährungssicherheit im urbanen Raum erlangen zunehmend Präsenz. Schließlich steht die Produktion von Lebensmitteln in direktem Zusammenhang mit den Ursachen und Folgen des Klimawandels. Gefragt sind daher neue Formen der Nahrungsmittelproduktion, des -konsums und des -transports. Liegt die Zukunft der Ernährungssicherheit möglicherweise in Vertical Farming, [&hellip;]</p>
