{"id":6068,"date":"2023-03-15T20:59:22","date_gmt":"2023-03-15T20:59:22","guid":{"rendered":"https:\/\/estudioelgozo.com\/?post_type=portfolio_item&#038;p=6068"},"modified":"2024-03-03T20:40:10","modified_gmt":"2024-03-03T20:40:10","slug":"vivencias","status":"publish","type":"portfolio_item","link":"https:\/\/estudioelgozo.com\/?portfolio_item=vivencias","title":{"rendered":"Viv\u00eancias"},"content":{"rendered":"\n<p>Viv\u00eancias is a series of events for artists and cultural producers, initiated by k\u00fclt\u00fc\u0159 gemma!, curated by Denise Palmieri and Marissa L\u00f4bo. From July to December 2022 there will be two monthly events, where the concept of care and creative work are not only reflected upon but also practiced. It will take place in the Kulturhaus Brotfabrik in Wien, Favoriten.<\/p>\n\n\n\n<p>We approach the topic of politics of care and hospitality from interdisciplinary perspectives, we invite local and international artists, theorists and curators, activists and everyone who is interested in this focus.<\/p>\n\n\n\n<p>Together with our participants we want to create a space where the difficult conditions of artistic work can be thought about in a solidary and attentive way. A space where care takes center stage as a theoretical focus and as an intersectional practice. For this we rely on the concept of \u201c<em>Viv\u00eancias\u201d<\/em>, shared experience, a way of experiencing and learning&nbsp; and unlearning together, a hybrid format that combines artistic methodologies of sharing knowledge and discursive elements.<\/p>\n\n\n\n<figure class=\"wp-block-embed is-type-video is-provider-vimeo wp-block-embed-vimeo\"><div class=\"wp-block-embed__wrapper\">\n<iframe title=\"Viv&amp;ecirc;ncias - M&amp;atilde;e Celina de Xang&amp;ocirc; und May Irineu\" src=\"https:\/\/player.vimeo.com\/video\/808269431?h=91eced8eb1&amp;dnt=1&amp;app_id=122963\" width=\"667\" height=\"1000\" frameborder=\"0\" allow=\"autoplay; fullscreen; picture-in-picture\" allowfullscreen><\/iframe>\n<\/div><\/figure>\n\n\n\n<figure class=\"wp-block-embed is-type-video is-provider-vimeo wp-block-embed-vimeo\"><div class=\"wp-block-embed__wrapper\">\n<iframe title=\"Viv&amp;ecirc;ncias - Lia Garc&amp;iacute;a (La Novia Sirena)\" src=\"https:\/\/player.vimeo.com\/video\/808410005?h=b9f2f44a57&amp;dnt=1&amp;app_id=122963\" width=\"667\" height=\"1000\" frameborder=\"0\" allow=\"autoplay; fullscreen; picture-in-picture\" allowfullscreen><\/iframe>\n<\/div><\/figure>\n\n\n\n<figure class=\"wp-block-embed is-type-video is-provider-vimeo wp-block-embed-vimeo\"><div class=\"wp-block-embed__wrapper\">\n<iframe title=\"Viv&amp;ecirc;ncias - SONXSEED\" src=\"https:\/\/player.vimeo.com\/video\/808462263?h=314bcd3312&amp;dnt=1&amp;app_id=122963\" width=\"667\" height=\"1000\" frameborder=\"0\" allow=\"autoplay; fullscreen; picture-in-picture\" allowfullscreen><\/iframe>\n<\/div><\/figure>\n\n\n\n<figure class=\"wp-block-embed is-type-video is-provider-vimeo wp-block-embed-vimeo\"><div class=\"wp-block-embed__wrapper\">\n<iframe title=\"Viv&amp;ecirc;ncias - Mai Ling\" src=\"https:\/\/player.vimeo.com\/video\/808467473?h=6020776d74&amp;dnt=1&amp;app_id=122963\" width=\"667\" height=\"1000\" frameborder=\"0\" allow=\"autoplay; fullscreen; picture-in-picture\" allowfullscreen><\/iframe>\n<\/div><\/figure>\n\n\n\n<figure class=\"wp-block-embed is-type-video is-provider-vimeo wp-block-embed-vimeo\"><div class=\"wp-block-embed__wrapper\">\n<iframe title=\"Viv&amp;ecirc;ncias - Naomi Rinc&amp;oacute;n Gallardo\" src=\"https:\/\/player.vimeo.com\/video\/808472939?h=bc97d49a49&amp;dnt=1&amp;app_id=122963\" width=\"667\" height=\"1000\" frameborder=\"0\" allow=\"autoplay; fullscreen; picture-in-picture\" allowfullscreen><\/iframe>\n<\/div><\/figure>\n","protected":false},"excerpt":{"rendered":"<p>Viv\u00eancias is a series of events for artists and cultural producers, initiated by k\u00fclt\u00fc\u0159 gemma!, curated by Denise Palmieri and Marissa L\u00f4bo. From July to December 2022 there will be two monthly events, where the concept of care and creative work are not only reflected upon but also practiced. It [&hellip;]<\/p>\n","protected":false},"author":1,"featured_media":6069,"comment_status":"open","ping_status":"closed","template":"","meta":[],"portfolio":[55],"class_list":["post-6068","portfolio_item","type-portfolio_item","status-publish","has-post-thumbnail","hentry","portfolio-arts"],"_links":{"self":[{"href":"https:\/\/estudioelgozo.com\/index.php?rest_route=\/wp\/v2\/portfolio_item\/6068","targetHints":{"allow":["GET"]}}],"collection":[{"href":"https:\/\/estudioelgozo.com\/index.php?rest_route=\/wp\/v2\/portfolio_item"}],"about":[{"href":"https:\/\/estudioelgozo.com\/index.php?rest_route=\/wp\/v2\/types\/portfolio_item"}],"author":[{"embeddable":true,"href":"https:\/\/estudioelgozo.com\/index.php?rest_route=\/wp\/v2\/users\/1"}],"replies":[{"embeddable":true,"href":"https:\/\/estudioelgozo.com\/index.php?rest_route=%2Fwp%2Fv2%2Fcomments&post=6068"}],"version-history":[{"count":1,"href":"https:\/\/estudioelgozo.com\/index.php?rest_route=\/wp\/v2\/portfolio_item\/6068\/revisions"}],"predecessor-version":[{"id":6122,"href":"https:\/\/estudioelgozo.com\/index.php?rest_route=\/wp\/v2\/portfolio_item\/6068\/revisions\/6122"}],"wp:featuredmedia":[{"embeddable":true,"href":"https:\/\/estudioelgozo.com\/index.php?rest_route=\/wp\/v2\/media\/6069"}],"wp:attachment":[{"href":"https:\/\/estudioelgozo.com\/index.php?rest_route=%2Fwp%2Fv2%2Fmedia&parent=6068"}],"wp:term":[{"taxonomy":"portfolio","embeddable":true,"href":"https:\/\/estudioelgozo.com\/index.php?rest_route=%2Fwp%2Fv2%2Fportfolio&post=6068"}],"curies":[{"name":"wp","href":"https:\/\/api.w.org\/{rel}","templated":true}]}}

Vivências

<p>Vivências is a series of events for artists and cultural producers, initiated by kültüř gemma!, curated by Denise Palmieri and Marissa Lôbo. From July to December 2022 there will be two monthly events, where the concept of care and creative work are not only reflected upon but also practiced. It will take place in the Kulturhaus Brotfabrik in Wien, Favoriten.</p>



<p>We approach the topic of politics of care and hospitality from interdisciplinary perspectives, we invite local and international artists, theorists and curators, activists and everyone who is interested in this focus.</p>



<p>Together with our participants we want to create a space where the difficult conditions of artistic work can be thought about in a solidary and attentive way. A space where care takes center stage as a theoretical focus and as an intersectional practice. For this we rely on the concept of “<em>Vivências”</em>, shared experience, a way of experiencing and learning&nbsp; and unlearning together, a hybrid format that combines artistic methodologies of sharing knowledge and discursive elements.</p>



<figure class="wp-block-embed is-type-video is-provider-vimeo wp-block-embed-vimeo"><div class="wp-block-embed__wrapper">
<iframe title="Viv&amp;ecirc;ncias - M&amp;atilde;e Celina de Xang&amp;ocirc; und May Irineu" src="https://player.vimeo.com/video/808269431?h=91eced8eb1&amp;dnt=1&amp;app_id=122963" width="667" height="1000" frameborder="0" allow="autoplay; fullscreen; picture-in-picture" allowfullscreen></iframe>
</div></figure>



<figure class="wp-block-embed is-type-video is-provider-vimeo wp-block-embed-vimeo"><div class="wp-block-embed__wrapper">
<iframe title="Viv&amp;ecirc;ncias - Lia Garc&amp;iacute;a (La Novia Sirena)" src="https://player.vimeo.com/video/808410005?h=b9f2f44a57&amp;dnt=1&amp;app_id=122963" width="667" height="1000" frameborder="0" allow="autoplay; fullscreen; picture-in-picture" allowfullscreen></iframe>
</div></figure>



<figure class="wp-block-embed is-type-video is-provider-vimeo wp-block-embed-vimeo"><div class="wp-block-embed__wrapper">
<iframe title="Viv&amp;ecirc;ncias - SONXSEED" src="https://player.vimeo.com/video/808462263?h=314bcd3312&amp;dnt=1&amp;app_id=122963" width="667" height="1000" frameborder="0" allow="autoplay; fullscreen; picture-in-picture" allowfullscreen></iframe>
</div></figure>



<figure class="wp-block-embed is-type-video is-provider-vimeo wp-block-embed-vimeo"><div class="wp-block-embed__wrapper">
<iframe title="Viv&amp;ecirc;ncias - Mai Ling" src="https://player.vimeo.com/video/808467473?h=6020776d74&amp;dnt=1&amp;app_id=122963" width="667" height="1000" frameborder="0" allow="autoplay; fullscreen; picture-in-picture" allowfullscreen></iframe>
</div></figure>



<figure class="wp-block-embed is-type-video is-provider-vimeo wp-block-embed-vimeo"><div class="wp-block-embed__wrapper">
<iframe title="Viv&amp;ecirc;ncias - Naomi Rinc&amp;oacute;n Gallardo" src="https://player.vimeo.com/video/808472939?h=bc97d49a49&amp;dnt=1&amp;app_id=122963" width="667" height="1000" frameborder="0" allow="autoplay; fullscreen; picture-in-picture" allowfullscreen></iframe>
</div></figure>

<p>Vivências is a series of events for artists and cultural producers, initiated by kültüř gemma!, curated by Denise Palmieri and Marissa Lôbo. From July to December 2022 there will be two monthly events, where the concept of care and creative work are not only reflected upon but also practiced. It [&hellip;]</p>
