{"id":6255,"date":"2024-01-19T15:21:34","date_gmt":"2024-01-19T15:21:34","guid":{"rendered":"https:\/\/estudioelgozo.com\/?post_type=portfolio_item&#038;p=6255"},"modified":"2024-02-20T10:50:09","modified_gmt":"2024-02-20T10:50:09","slug":"bloque-latinoamericano-abya-yala-marcha-mundial-por-el-clima-viena","status":"publish","type":"portfolio_item","link":"https:\/\/estudioelgozo.com\/?portfolio_item=bloque-latinoamericano-abya-yala-marcha-mundial-por-el-clima-viena","title":{"rendered":"Bloque Latinoamericano \/Abya Yala: Marcha mundial por el Clima \/ Viena"},"content":{"rendered":"\n<p>Hoy salimos a las calles de Viena en bloque, reiterando la importancia de los procesos de defensa de los territorios en diversas regiones latinoamericanas. Las luchas de lideresas y lideres sociales de la regi\u00f3n, sus formidables victorias en contra de colosos nacionales e internacionales, as\u00ed como los graves peligros que implica su lucha. Hoy salimos a contar las historias de les que estan y les que no estan m\u00e1s entre nosotres y reiterar la importancia de la protecci\u00f3n de estes impulsores de procesos de transformaci\u00f3n social. (Texto: Marcela Torres)<\/p>\n","protected":false},"excerpt":{"rendered":"<p>Hoy salimos a las calles de Viena en bloque, reiterando la importancia de los procesos de defensa de los territorios en diversas regiones latinoamericanas. Las luchas de lideresas y lideres sociales de la regi\u00f3n, sus formidables victorias en contra de colosos nacionales e internacionales, as\u00ed como los graves peligros que [&hellip;]<\/p>\n","protected":false},"author":1,"featured_media":6258,"comment_status":"open","ping_status":"closed","template":"","meta":[],"portfolio":[54],"class_list":["post-6255","portfolio_item","type-portfolio_item","status-publish","has-post-thumbnail","hentry","portfolio-environment"],"_links":{"self":[{"href":"https:\/\/estudioelgozo.com\/index.php?rest_route=\/wp\/v2\/portfolio_item\/6255","targetHints":{"allow":["GET"]}}],"collection":[{"href":"https:\/\/estudioelgozo.com\/index.php?rest_route=\/wp\/v2\/portfolio_item"}],"about":[{"href":"https:\/\/estudioelgozo.com\/index.php?rest_route=\/wp\/v2\/types\/portfolio_item"}],"author":[{"embeddable":true,"href":"https:\/\/estudioelgozo.com\/index.php?rest_route=\/wp\/v2\/users\/1"}],"replies":[{"embeddable":true,"href":"https:\/\/estudioelgozo.com\/index.php?rest_route=%2Fwp%2Fv2%2Fcomments&post=6255"}],"version-history":[{"count":1,"href":"https:\/\/estudioelgozo.com\/index.php?rest_route=\/wp\/v2\/portfolio_item\/6255\/revisions"}],"predecessor-version":[{"id":6257,"href":"https:\/\/estudioelgozo.com\/index.php?rest_route=\/wp\/v2\/portfolio_item\/6255\/revisions\/6257"}],"wp:featuredmedia":[{"embeddable":true,"href":"https:\/\/estudioelgozo.com\/index.php?rest_route=\/wp\/v2\/media\/6258"}],"wp:attachment":[{"href":"https:\/\/estudioelgozo.com\/index.php?rest_route=%2Fwp%2Fv2%2Fmedia&parent=6255"}],"wp:term":[{"taxonomy":"portfolio","embeddable":true,"href":"https:\/\/estudioelgozo.com\/index.php?rest_route=%2Fwp%2Fv2%2Fportfolio&post=6255"}],"curies":[{"name":"wp","href":"https:\/\/api.w.org\/{rel}","templated":true}]}}

<p>Hoy salimos a las calles de Viena en bloque, reiterando la importancia de los procesos de defensa de los territorios en diversas regiones latinoamericanas. Las luchas de lideresas y lideres sociales de la región, sus formidables victorias en contra de colosos nacionales e internacionales, así como los graves peligros que implica su lucha. Hoy salimos a contar las historias de les que estan y les que no estan más entre nosotres y reiterar la importancia de la protección de estes impulsores de procesos de transformación social. (Texto: Marcela Torres)</p>

<p>Hoy salimos a las calles de Viena en bloque, reiterando la importancia de los procesos de defensa de los territorios en diversas regiones latinoamericanas. Las luchas de lideresas y lideres sociales de la región, sus formidables victorias en contra de colosos nacionales e internacionales, así como los graves peligros que [&hellip;]</p>
