{"id":6261,"date":"2024-01-19T15:26:27","date_gmt":"2024-01-19T15:26:27","guid":{"rendered":"https:\/\/estudioelgozo.com\/?post_type=portfolio_item&#038;p=6261"},"modified":"2024-02-20T10:50:09","modified_gmt":"2024-02-20T10:50:09","slug":"8m-wien-2019","status":"publish","type":"portfolio_item","link":"https:\/\/estudioelgozo.com\/?portfolio_item=8m-wien-2019","title":{"rendered":"8M Wien 2019"},"content":{"rendered":"\n<p>El 8M en Viena con Ni Una Menos Austria, las mujeres de Abya Yala, las hispanohablantes y las mujeres que empatizan con nuestras luchas nos juntamos para marchar y bailar al ritmo de tambores en la movilizaci\u00f3n antipatriarcal que congreg\u00f3 a diversas organizaciones activistas aut\u00f3nomas de la ciudad. <\/p>\n\n\n\n<p>Am 8.M\u00e4rz in Wien sind die Frauen von Ni Una Menos Austria, von Abya Yala, die spanischsprachigen Frauen und die Frauen, die sich in unseren K\u00e4mpfen einf\u00fchlen, zusammengekommen, um im Takt der Trommeln in der anti-patriarchalischen Mobilisierung zu marschieren und zu tanzen, und die verschiedenen autonomen Aktivistenorganisationen der Stadt zusammen zu bringen.<\/p>\n","protected":false},"excerpt":{"rendered":"<p>El 8M en Viena con Ni Una Menos Austria, las mujeres de Abya Yala, las hispanohablantes y las mujeres que empatizan con nuestras luchas nos juntamos para marchar y bailar al ritmo de tambores en la movilizaci\u00f3n antipatriarcal que congreg\u00f3 a diversas organizaciones activistas aut\u00f3nomas de la ciudad. Am 8.M\u00e4rz [&hellip;]<\/p>\n","protected":false},"author":1,"featured_media":6262,"comment_status":"open","ping_status":"closed","template":"","meta":[],"portfolio":[54],"class_list":["post-6261","portfolio_item","type-portfolio_item","status-publish","has-post-thumbnail","hentry","portfolio-environment"],"_links":{"self":[{"href":"https:\/\/estudioelgozo.com\/index.php?rest_route=\/wp\/v2\/portfolio_item\/6261","targetHints":{"allow":["GET"]}}],"collection":[{"href":"https:\/\/estudioelgozo.com\/index.php?rest_route=\/wp\/v2\/portfolio_item"}],"about":[{"href":"https:\/\/estudioelgozo.com\/index.php?rest_route=\/wp\/v2\/types\/portfolio_item"}],"author":[{"embeddable":true,"href":"https:\/\/estudioelgozo.com\/index.php?rest_route=\/wp\/v2\/users\/1"}],"replies":[{"embeddable":true,"href":"https:\/\/estudioelgozo.com\/index.php?rest_route=%2Fwp%2Fv2%2Fcomments&post=6261"}],"version-history":[{"count":1,"href":"https:\/\/estudioelgozo.com\/index.php?rest_route=\/wp\/v2\/portfolio_item\/6261\/revisions"}],"predecessor-version":[{"id":6263,"href":"https:\/\/estudioelgozo.com\/index.php?rest_route=\/wp\/v2\/portfolio_item\/6261\/revisions\/6263"}],"wp:featuredmedia":[{"embeddable":true,"href":"https:\/\/estudioelgozo.com\/index.php?rest_route=\/wp\/v2\/media\/6262"}],"wp:attachment":[{"href":"https:\/\/estudioelgozo.com\/index.php?rest_route=%2Fwp%2Fv2%2Fmedia&parent=6261"}],"wp:term":[{"taxonomy":"portfolio","embeddable":true,"href":"https:\/\/estudioelgozo.com\/index.php?rest_route=%2Fwp%2Fv2%2Fportfolio&post=6261"}],"curies":[{"name":"wp","href":"https:\/\/api.w.org\/{rel}","templated":true}]}}

<p>El 8M en Viena con Ni Una Menos Austria, las mujeres de Abya Yala, las hispanohablantes y las mujeres que empatizan con nuestras luchas nos juntamos para marchar y bailar al ritmo de tambores en la movilización antipatriarcal que congregó a diversas organizaciones activistas autónomas de la ciudad. </p>



<p>Am 8.März in Wien sind die Frauen von Ni Una Menos Austria, von Abya Yala, die spanischsprachigen Frauen und die Frauen, die sich in unseren Kämpfen einfühlen, zusammengekommen, um im Takt der Trommeln in der anti-patriarchalischen Mobilisierung zu marschieren und zu tanzen, und die verschiedenen autonomen Aktivistenorganisationen der Stadt zusammen zu bringen.</p>

<p>El 8M en Viena con Ni Una Menos Austria, las mujeres de Abya Yala, las hispanohablantes y las mujeres que empatizan con nuestras luchas nos juntamos para marchar y bailar al ritmo de tambores en la movilización antipatriarcal que congregó a diversas organizaciones activistas autónomas de la ciudad. Am 8.März [&hellip;]</p>
